 5*j, -1136*j + 5*t = -1131*j - 2805. What is the remainder when j is divided by 58?
46
Suppose 0 = 35*c - 60*c + 45*c - 380. Let l(z) = -z - 4. Let q be l(-7). Suppose 0 = -q*u + 6 + 6. What is the remainder when c is divided by u?
3
Suppose 0*i - 1365 = 3*k - 5*i, -9 = 3*i. Let u = k + 469. What is the remainder when (-122)/(-8) - (-2)/(-8) is divided by u?
6
Let z(g) = 4*g**2 + 11*g - 392. What is the remainder when z(-21) is divided by 22?
19
Suppose 28*y = 26*y - 12. Let b = 9 + y. Let i = b + 114. What is the remainder when i is divided by 24?
21
Suppose -5*z + 2*r + 3 = 1, z + 14 = 4*r. Suppose z*h + 3*h - 2*v = 67, -51 = -4*h - v. Calculate the remainder when 51 is divided by h.
12
Let q = 520 - 464. Calculate the remainder when q is divided by 12.
8
Suppose -4*c = -4*n + 204, -8*c + 11*c - 77 = -2*n. Let r(y) = 24*y - 156. Calculate the remainder when n is divided by r(7).
10
Suppose -3*a + 4 = -7*a, -n = 3*a. Suppose -n*c - 3*t = -5*t - 59, t - 37 = -2*c. Suppose 5*b + c = 84. Calculate the remainder when 46 is divided by b.
7
Let y(a) = -3*a**3 - 4*a**2 + 4. Calculate the remainder when y(-4) is divided by (-7011)/(-123) - ((-15)/(-1) - -7).
27
Let s = 99 + -95. Suppose -4*r = s*y - 160, 0 = -2*r + 1 - 5. Calculate the remainder when 124 is divided by y.
40
Let p(i) = 7*i**3 + 4*i**2 - 15*i + 24. Calculate the remainder when p(2) is divided by 6.
0
Suppose 2*k + 3*x = 322, -43 = 5*k - 4*x - 802. Suppose 6*b - 55 = 5*b + 5*q, -5*b = 5*q - k. Calculate the remainder when b is divided by ((-8)/(-12))/(2/57).
16
Let u = -127 - -152. Suppose 3*p - 271 = -2*w + 8*p, 4*p + 143 = w. Calculate the remainder when w is divided by u.
23
Suppose -m + 3*m + 28 = 4*g, 0 = 2*g + 4*m + 6. Let k = g + 29. Suppose r - k = 27. Calculate the remainder when r is divided by 16.
13
Calculate the remainder when 1789 is divided by (2 + (-38)/(-9))/(-23*12/(-1242)).
25
Calculate the remainder when -30*(55328/95)/(-13) is divided by 11.
2
Let n(h) = 13*h + 137. Calculate the remainder when 139 is divided by n(-9).
19
Suppose 0 = 739*q - 649*q - 606510. What is the remainder when q is divided by 10?
9
Let f = 111 + -59. Let j = 11 + -367. Let t = j - -563. What is the remainder when t is divided by f?
51
Suppose 0 = -46*p + 33*p + 156. Suppose -2*r - 362 = -4*u, 3*r - 276 = -3*u - 0*r. Calculate the remainder when u is divided by p.
7
Let t(h) = -13 + 12*h - 5*h - 2*h + 2*h**2. Let x be t(-6). Suppose -675 = x*o - 34*o. Calculate the remainder when o is divided by 35.
30
Let t(p) = -11*p + 52. Suppose 0 = 3*k - 3*z + 3, -4*k + 3*z = -2*k + 3. Calculate the remainder when 101 is divided by t(k).
49
Let d(i) = -18*i - 303. Let f be d(-21). Calculate the remainder when 85 is divided by 6 - 121/22 - f/(-2).
9
Let b(l) = -l**2 + 11*l + 32. Suppose -5*q = 5*h - 40, 3*h = -5*q + 7 + 39. What is the remainder when 222 is divided by b(q)?
30
Let w = -50 - -88. Let r = -1991 - -2135. What is the remainder when r is divided by w?
30
Let k(x) = -4*x**3 - 7*x**2 - 7*x + 3. Let i be k(-2). Suppose 136 = i*q - 116. What is the remainder when 20 is divided by q?
8
Suppose 0 = -34*j + 3303 + 6625. What is the remainder when j is divided by 61?
48
Suppose -4*u = -4*x + 88, -5*x + 65 = -3*u - 49. Suppose 0 = a - 1707 + 1541. What is the remainder when a is divided by x?
22
Suppose 0 = -5*j + 2*n + 120, -4*j - 6*n + n + 96 = 0. Let h be 10/(-4 + j/9 + 2). Suppose -h*x + 870 = -0*x. Calculate the remainder when x is divided by 30.
28
Suppose 5*o - 600 - 215 = -4*r, 3*o = -r + 209. What is the remainder when r is divided by 125?
75
Suppose 3*f - 375 = -3*n, -76*f + 4*n - 258 = -78*f. What is the remainder when f is divided by 85?
36
Suppose -4554 = -3*h + 5*p, 2*h - 2939 = -3*p + 97. What is the remainder when h is divided by 759?
0
Let h(q) = -3*q - 33. Let o be h(0). Let d = -9 - o. Suppose 19*w + 30 = d*w. Calculate the remainder when 20 is divided by w.
2
Let b be 76 + (-56)/8 + 7. Suppose 6*h + b - 520 = 0. What is the remainder when 287 is divided by h?
65
Calculate the remainder when ((-6)/4)/(378/(-426636)) is divided by 8.
5
Let l = 1965 - 1821. What is the remainder when l is divided by 29?
28
Suppose -7276 + 1486 = -a - 1979. What is the remainder when a is divided by 81?
4
Let h(m) = m**3 + 27*m**2 + 32*m - 934. What is the remainder when 6706 is divided by h(-24)?
24
Suppose -o + o = -31*o - 2790. Let m(x) = -36*x + 3. Let r be m(-5). Let n = r + o. Calculate the remainder when n is divided by 16.
13
Suppose -w + 111 = 4*p, -57*w - 93 = -4*p - 52*w. What is the remainder when 65 is divided by p?
11
Suppose 0 = -339*p + 350*p - 1826. Calculate the remainder when p is divided by 17.
13
Suppose 0 = -13*h + 192 + 172. Suppose -215 = -4*u + 361. Calculate the remainder when u is divided by h.
4
Suppose 3*t + 264 = -3*t. Let a = 70 + t. Let c(v) = -v**2 + 24*v - 135. Calculate the remainder when a is divided by c(12).
8
Let t(w) = w**2 + 7*w - 7. Suppose 2 = u, q + 4*q - 23 = u. Calculate the remainder when 420 is divided by t(q).
49
Let s(b) = 5*b**2 - 22*b - 33. What is the remainder when s(-7) is divided by 6?
0
Let r = 517 - 380. Suppose -2*j + 8 = 0, c + 13*j = 8*j + r. What is the remainder when c is divided by 17?
15
Let o = 56 - 43. Suppose 2*g = -4*a + o + 5, -g + 5*a = 19. Calculate the remainder when 0 - -3 - g/(3/(-156)) is divided by 19.
17
Let y = -425 + 416. What is the remainder when 1 + (3/y)/(6/(-5058)) is divided by 26?
22
Let s = 2774 + 1043. What is the remainder when s is divided by 10?
7
Let s(x) = 12*x**3 - 1. Let d be s(-1). Calculate the remainder when 217 is divided by (-2)/d + (-1916)/(-52).
32
Let v(z) = -34*z + 501. Calculate the remainder when 1314 is divided by v(7).
262
Suppose i = 6*i - 2*b + 15, 3*b = 4*i + 5. Let g(h) = h**3 + 8*h**2 + 7*h + 1. Calculate the remainder when g(i) is divided by (-3 - 11)/((-1)/(1/2)).
6
Suppose 0 = 5*o + k + 2*k - 650, k + 520 = 4*o. Let q = o - 108. Let g(p) = p**3 - 9*p**2 - 5*p - 11. Calculate the remainder when g(10) is divided by q.
17
Suppose 0 = 115*q - 102*q + 78 - 858. What is the remainder when 194 is divided by q?
14
Let m = -29 - -32. Suppose -5*s + 82 = -48. What is the remainder when (-17 + 11)*(20/(-1) + m) is divided by s?
24
Suppose 0 = b - 3*w + 7*w + 16, -92 = 4*b + 2*w. Let k be 54 - ((0 - -2) + -2). Let j = k + b. What is the remainder when 59 is divided by j?
29
Suppose 6040 = 3*v - 42*g + 41*g, -3*v + 6024 = 3*g. What is the remainder when v is divided by 31?
28
Let m(z) = z**2 - 6*z + 3. Let s(b) = 6*b + 134. Let f be s(34). Suppose 472*w + f = 485*w. What is the remainder when m(-6) is divided by w?
23
Suppose -4*s - 3*i = 3, 0 = 3*i + i + 20. Let y be (10/s)/((12/(-9))/(-2)). Let v(m) = m**2 - m - 5. What is the remainder when 71 is divided by v(y)?
11
Let x(q) = -q**3 - q**2 + 15*q. Let n be x(-7). Let s = -179 + n. What is the remainder when 96 is divided by s?
6
Let v = -2658 + 2731. What is the remainder when 360 is divided by v?
68
Suppose -2*p - 2032 = -4*t, 0 = -2*t + 7*t + 3*p - 2529. What is the remainder when t is divided by 17?
14
Let k be 40/(-20) - (0 + 0). Let d(b) = 12*b + 1. Calculate the remainder when (6/9 - k)*(-987)/(-28) is divided by d(2).
19
Suppose -22*y + 6963 = 1463. Suppose y = -5*h + 7*h. What is the remainder when h is divided by 26?
21
Suppose -2 = 2*p, -15 = 2*x + 2*x + 3*p. Let m(n) = 2*n**2 + 8*n - 4. Calculate the remainder when x/(-3 + 108/37) is divided by m(-6).
17
Let l(k) = -57*k + 996. Calculate the remainder when 2318 is divided by l(17).
23
What is the remainder when (-37030)/(-105) - 8/(-6) is divided by 21?
18
Suppose 6*c = -9*c + 9540. Suppose 172 = 8*o - c. Calculate the remainder when o is divided by 29.
14
Let v be ((-32)/12)/4 - 1133/(-3). Let q = v + -266. Calculate the remainder when q is divided by 39.
33
Let w be ((-12)/(-9))/(1 - 24/18). Calculate the remainder when 10/w*4636/(-190) is divided by 22.
17
Let j(n) = -4*n**3 + 21*n**2 + 30*n + 346. What is the remainder when j(-8) is divided by 16?
10
Let v = -999672 + 999696. Calculate the remainder when 2 + -1 - (-1 - 68) is divided by v.
22
Let k(f) = -f**3 + 2*f**2 - f - 2. Let l be k(3). Let w be ((-70)/(-4))/(31/(3348/45)). Let j = w + l. Calculate the remainder when j is d